{"id":713,"date":"2018-02-09T02:52:32","date_gmt":"2018-02-09T02:52:32","guid":{"rendered":"https:\/\/alphalunacomic.net\/spanish\/?page_id=713"},"modified":"2018-02-10T21:03:57","modified_gmt":"2018-02-10T21:03:57","slug":"about","status":"publish","type":"page","link":"https:\/\/alphalunacomic.net\/spanish\/about\/","title":{"rendered":"Nuevos Lectores"},"content":{"rendered":"<p><strong>Ok, \u00bfD\u00f3nde puedo empezar a leer este c\u00f3mic?<\/strong><\/p>\n<p>Si no tienes ganas de leer algo de informaci\u00f3n sobre el c\u00f3mic aqui abajo, simplemente haz click en el <strong>bot\u00f3n Archivos<\/strong> ubicado en el <strong>Men\u00fa superior<\/strong>. Tambi\u00e9n lo puedes encontrar bajo todas las p\u00e1ginas de c\u00f3mic entre los botones de flechas que te ayudan a desplazarte hacia delante o atr\u00e1s a medida que lees el c\u00f3mic. O simplemente haciendo click sobre cada p\u00e1gina de c\u00f3mic har\u00e1 avanzar una p\u00e1gina adelante hasta llegar a la \u00faltima p\u00e1gina actualizada hasta el momento.<\/p>\n<p>La <a href=\"\/spanish\/archive\/\">pagina de Archivos<\/a> contiene todas las p\u00e1ginas publicadas en el sitio hasta la fecha y es actualizada cada vez que se agrega una nueva p\u00e1gina.<\/p>\n<p>&nbsp;<\/p>\n<p><strong>As\u00ed que &#8230; \u00bfQu\u00e9 es Alpha Luna?<\/strong><\/p>\n<p>Alfa Luna es un comic serializado en l\u00ednea de estilo manga realizado por <strong>Leonardo Vidal Fern\u00e1ndez<\/strong> para j\u00f3venes y adultos que contiene temas fant\u00e1sticos como son los Lic\u00e1ntropos por en un mundo actual. Esta no es una publicaci\u00f3n profesional aunque se ha publicado en Chile bajo la editorial <a href=\"http:\/\/www.mythica.cl\/\"><strong>Mythica Ediciones<\/strong><\/a>. A\u00fan asi se encuentra abierto a cualquier tipo de oportunidades de publicaci\u00f3n para un mercado internacional (Para un contacto directo con el autor enviar un e-mail a <strong>licantro(arroba)gmail.com<\/strong>).<\/p>\n<p><strong>\u00bfPuedo comprar la revista?<\/strong><\/p>\n<p>Actualmente me quedan muy pocas copias y el env\u00edo al extranjero (Fuera de Chile) es algo caro (M\u00ednimo USD$40) . Si a\u00fan as\u00ed est\u00e1s interesado me puedes contactar a licantro (a) gmail.com &#8211; Si vives en Santiago de Chile te la puedo pasar en forma personal, mas info al mismo email.<\/p>\n<p>&nbsp;<\/p>\n<p><strong>\u00bfDe que trata Alpha Luna?<\/strong><\/p>\n<p>Alpha que Luna es la historia de <a href=\"\/spanish\/characters\/luna\/\"><strong>Luna<\/strong><\/a>, una chica de 19 a\u00f1os de edad a\u00fan en su \u00faltimo a\u00f1o de escuela, poco femenina en su car\u00e1cter y de mal genio para muchos, que adem\u00e1s es &#8211; para su propia sorpresa- una mujer-lobo (o Lic\u00e1ntropo). Durante su etapa de descubrimiento le acompa\u00f1a su \u00fanica amiga, <a href=\"\/spanish\/characters\/collie\/\"><strong>Collie<\/strong><\/a> una alegre chica algo nerd. Y por \u00faltimo <a href=\"\/spanish\/characters\/fang\"><strong>Fang<\/strong><\/a>, un hombre-lobo que busca a Luna con un fin en particular. La historia tiene un estilo manga con elementos sobrenaturales arrojados a un ambiente moderno, contiene tanto drama, acci\u00f3n como humor. Tambi\u00e9n est\u00e1 hecha para fans de los hombres-lobo &#8230; porque hay historias donde \u00e9stos son m\u00e1s que monstruos &#8230; criaturas asombrosas en primer lugar.<\/p>\n<p><strong>Ok, acabo de terminar de leer el c\u00f3mic, \u00bfY ahora ?<\/strong><\/p>\n<p>Probablemente llegaste a la \u00faltima p\u00e1gina c\u00f3mic publicada hasta la fecha, el c\u00f3mic es un serie en curso y <strong>se actualiza con una nueva p\u00e1gina regularmente una vez al semana<\/strong> . Para saber especificamente que d\u00eda se actualizar\u00e1 revisa la Secci\u00f3n del Calendario, sin hora espec\u00edfica puede ser durante el d\u00eda como la noche.<\/p>\n<p>Si quieres saber en todo segundo cuando el comic es actualizado, me puedes seguir en <strong>Twitter<\/strong> en <a href=\"https:\/\/twitter.com\/alphalunanet\">@alphalunanet<\/a> o suscribirte al <a href=\"\/spanish\/feed\/\">feed RSS<\/a>, <a href=\"https:\/\/www.facebook.com\/groups\/102146242408\/\">Grupo FB<\/a>, <a href=\"https:\/\/plus.google.com\/u\/0\/113713246795245802730\/posts\">Google+<\/a> y <a href=\"https:\/\/www.facebook.com\/pages\/Alpha-Luna\/159856537363728\">P\u00e1gina FB<\/a>.<\/p>\n<p>&nbsp;<\/p>\n<p><strong>PERO &#8230; \u00a1Quiero M\u00e1aas!!<\/strong><\/p>\n<p>Puedes conseguir p\u00e1ginas en forma adelantada por una semana o dos en la secci\u00f3n del Calendario, \u00e9stas tienen una resoluci\u00f3n mayor y traen un dibujo de regalo.<\/p>\n<p>Tambi\u00e9n, S\u00f3lo para Donadores, puedes conseguir algunas cosas extras como bocetos, dise\u00f1os antiguos y algunas <strong>p\u00e1ginas del c\u00f3mic a color<\/strong>. Adem\u00e1s, estar\u00e1s ayudando a mantener el sitio vivo! Puede hacer <a href=\"\/spanish\/support\/\">click aqui para obtener mas informacion<\/a>.<\/p>\n<p>\u00bfHas visto mi galer\u00eda en <a href=\"https:\/\/alfaluna.deviantart.com\/\">Deviant Art<\/a>? Ah\u00ed encontraras todas las imagenes relacionadas con el c\u00f3mic, algunas ilustraciones y dise\u00f1os.<\/p>\n<p>&nbsp;<\/p>\n<p><strong>Quiero contactarte! Alg\u00fan dibujo!&#8230;.Un abrazo =3 &#8230;?<\/strong><\/p>\n<p>Puedes ponerte en contacto conmigo a mi correo electr\u00f3nico <strong>licantro (at) gmail.com<\/strong> Me puedes enviar cualquier Fan Art a ese correo y estar\u00e9 encantado de publicarlo en mi galer\u00eda de <a href=\"https:\/\/alfaluna.deviantart.com\/\">DA<\/a>.<\/p>\n<p>Si quieres encargarme una commisssion a trav\u00e9s de paypal, peus dependiendo de la idea = el costo. Para ello me puedes contactar a licantro (a) gmail.com<\/p>\n<p>Yo vivo en Chile, por lo que cualquier oportunidad de conocerme es un poco dif\u00edcil a menos que claro, vivas ah\u00ed. Pero de todos modos gracias por leer hasta el momento y quedate cerca para saber m\u00e1s sobre Alpha Luna!<\/p>\n<p>LEO<\/p>\n","protected":false},"excerpt":{"rendered":"<p>Ok, \u00bfD\u00f3nde puedo empezar a leer este c\u00f3mic? Si no tienes ganas de leer algo de informaci\u00f3n sobre el c\u00f3mic aqui abajo, simplemente haz click en el bot\u00f3n Archivos ubicado en el Men\u00fa superior. Tambi\u00e9n lo puedes encontrar bajo todas las p\u00e1ginas de c\u00f3mic entre los botones de flechas que te ayudan a desplazarte hacia [&hellip;]<\/p>\n","protected":false},"author":1,"featured_media":0,"parent":0,"menu_order":0,"comment_status":"closed","ping_status":"closed","template":"","meta":{"footnotes":""},"class_list":["post-713","page","type-page","status-publish","hentry"],"_links":{"self":[{"href":"https:\/\/alphalunacomic.net\/spanish\/wp-json\/wp\/v2\/pages\/713","targetHints":{"allow":["GET"]}}],"collection":[{"href":"https:\/\/alphalunacomic.net\/spanish\/wp-json\/wp\/v2\/pages"}],"about":[{"href":"https:\/\/alphalunacomic.net\/spanish\/wp-json\/wp\/v2\/types\/page"}],"author":[{"embeddable":true,"href":"https:\/\/alphalunacomic.net\/spanish\/wp-json\/wp\/v2\/users\/1"}],"replies":[{"embeddable":true,"href":"https:\/\/alphalunacomic.net\/spanish\/wp-json\/wp\/v2\/comments?post=713"}],"version-history":[{"count":3,"href":"https:\/\/alphalunacomic.net\/spanish\/wp-json\/wp\/v2\/pages\/713\/revisions"}],"predecessor-version":[{"id":726,"href":"https:\/\/alphalunacomic.net\/spanish\/wp-json\/wp\/v2\/pages\/713\/revisions\/726"}],"wp:attachment":[{"href":"https:\/\/alphalunacomic.net\/spanish\/wp-json\/wp\/v2\/media?parent=713"}],"curies":[{"name":"wp","href":"https:\/\/api.w.org\/{rel}","templated":true}]}}